{"id":70,"date":"2018-09-15T13:14:46","date_gmt":"2018-09-15T10:14:46","guid":{"rendered":"http:\/\/ar-esmoda.com\/?page_id=70"},"modified":"2020-10-17T02:39:56","modified_gmt":"2020-10-16T23:39:56","slug":"hakkimizda","status":"publish","type":"page","link":"http:\/\/ar-esmoda.com\/index.php\/hakkimizda\/","title":{"rendered":"Hakk\u0131m\u0131zda"},"content":{"rendered":"<p><strong>ARES MODA TEKST\u0130L<\/strong><\/p>\n<p>Ares Moda\u00a0 Tekstik ekibi olarak hedefimize \u00fcr\u00fcnlerimizde m\u00fc\u015fteri memnuniyetini sa\u011flamak\u00fczere odaklanmaktay\u0131z. Prensip olarak \u00fcr\u00fcn kalitesinen, hizmet kalitesine kadar m\u00fc\u015fterilerimize en iyi hizmeti sunabilmek ad\u0131na kendimizi s\u00fcrekli geli\u015ftirmekteyiz.<\/p>\n<p>Yar\u0131m as\u0131rdan fazla s\u00fcredir devam eden bu sekt\u00f6rdeki yolculu\u011fumuzda yan\u0131m\u0131zda olan herkese te\u015fekk\u00fcr\u00fc bir bor\u00e7 biliyoruz<\/p>\n","protected":false},"excerpt":{"rendered":"<p>ARES MODA TEKST\u0130L Ares Moda\u00a0 Tekstik ekibi olarak hedefimize \u00fcr\u00fcnlerimizde m\u00fc\u015fteri memnuniyetini sa\u011flamak\u00fczere odaklanmaktay\u0131z. Prensip olarak \u00fcr\u00fcn kalitesinen, hizmet kalitesine kadar m\u00fc\u015fterilerimize en iyi hizmeti sunabilmek ad\u0131na kendimizi s\u00fcrekli geli\u015ftirmekteyiz. Yar\u0131m as\u0131rdan fazla s\u00fcredir devam eden bu sekt\u00f6rdeki yolculu\u011fumuzda yan\u0131m\u0131zda olan herkese te\u015fekk\u00fcr\u00fc bir bor\u00e7 biliyoruz<\/p>\n","protected":false},"author":1,"featured_media":0,"parent":0,"menu_order":0,"comment_status":"closed","ping_status":"closed","template":"","meta":[],"_links":{"self":[{"href":"http:\/\/ar-esmoda.com\/index.php\/wp-json\/wp\/v2\/pages\/70"}],"collection":[{"href":"http:\/\/ar-esmoda.com\/index.php\/wp-json\/wp\/v2\/pages"}],"about":[{"href":"http:\/\/ar-esmoda.com\/index.php\/wp-json\/wp\/v2\/types\/page"}],"author":[{"embeddable":true,"href":"http:\/\/ar-esmoda.com\/index.php\/wp-json\/wp\/v2\/users\/1"}],"replies":[{"embeddable":true,"href":"http:\/\/ar-esmoda.com\/index.php\/wp-json\/wp\/v2\/comments?post=70"}],"version-history":[{"count":12,"href":"http:\/\/ar-esmoda.com\/index.php\/wp-json\/wp\/v2\/pages\/70\/revisions"}],"predecessor-version":[{"id":389,"href":"http:\/\/ar-esmoda.com\/index.php\/wp-json\/wp\/v2\/pages\/70\/revisions\/389"}],"wp:attachment":[{"href":"http:\/\/ar-esmoda.com\/index.php\/wp-json\/wp\/v2\/media?parent=70"}],"curies":[{"name":"wp","href":"https:\/\/api.w.org\/{rel}","templated":true}]}}